*k = k - 542, 3*k = 2*c - 540. What is the highest common divisor of 21 and c?
21
Suppose 50*j - 2500 = 15700. Calculate the highest common factor of j and 7.
7
Let a(g) = 9*g + 2. Let w be a(1). Suppose 31 = w*d - 10*d. What is the highest common factor of d and 93?
31
Let a(d) = -d**3 - 7*d**2 - 5*d + 10. Let y be 1*-2 - (-20)/(-5). Let g be a(y). What is the greatest common divisor of g and 2?
2
Let l = 1381 + -1073. Calculate the greatest common factor of 28 and l.
28
Suppose -2*v = -4*v + 168. Suppose 3*l - v = t + t, -2*t = -5*l + 144. What is the highest common factor of 270 and l?
30
Suppose 6 = 8*z - 10. Let h be (((-35)/(-21))/1)/(z/96). Calculate the highest common divisor of h and 16.
16
Let m = -147 - -250. Let q = -40 + m. Suppose 47 = 5*y + 2. Calculate the greatest common divisor of q and y.
9
Let g(p) = 16*p**2 + 3*p + 7. Let y be g(-2). Let b = -57 + y. What is the highest common divisor of 128 and b?
8
Suppose -3*s = 3, 4*v - 2*s + 2 = 16. Suppose 112 - 382 = -v*o. Calculate the greatest common factor of 10 and o.
10
Let o be ((-368)/56)/(2 + 645/(-322)). What is the greatest common factor of o and 184?
92
Let t(b) = 9*b - b**3 + 5 - 3*b**2 + 5 + 1. Let x be t(-6). What is the greatest common divisor of x and 39?
13
Let k = 918 + -894. What is the highest common factor of k and 300?
12
Suppose 8*k - 5208 = -13*k. Calculate the highest common factor of k and 31.
31
Let t(z) = 2*z**3 - 16*z**2 - 12*z - 29. Let w be t(9). What is the greatest common divisor of w and 425?
25
Let j = 90 - 99. Suppose s = -n + 2*n - 31, -5*n - 5*s + 165 = 0. Let b = j + n. What is the greatest common divisor of 23 and b?
23
Suppose 0 = -14*p - 6*p + 80. Let n be 30/p*64/20. Calculate the highest common divisor of 6 and n.
6
Let g(k) = -k**3 + 9*k**2 + 15*k + 1. Let a be g(9). Calculate the greatest common divisor of 16 and a.
8
Suppose 0 = -3*j - 9*j + 168. Let r = 46 + -16. Let o = -16 + r. What is the highest common divisor of o and j?
14
Suppose -1050 = 42*u - 56*u. Calculate the greatest common divisor of 60 and u.
15
Suppose 3*t - 84 = -0*n - 3*n, 57 = 2*n + 3*t. Let a be (-2548)/(-36) - 2/(-9). Let j = 74 - a. What is the greatest common factor of n and j?
3
Suppose 14*n - 3*n - 770 = 0. Calculate the greatest common divisor of n and 10.
10
Let v be (-584)/(-40) + (-2)/(-5). Let q = v + -3. Suppose -7*o + q*o = 85. What is the greatest common divisor of 17 and o?
17
Suppose 3*f + 3*g - 5 - 7 = 0, 3*f - 4*g - 19 = 0. Suppose -3*q - 218 = -4*a - 4*q, -4*q = 8. Calculate the greatest common factor of a and f.
5
Let y(h) = h**2 + h. Let r be y(4). Let n = -88 - -42. Let f = n - -48. What is the highest common factor of r and f?
2
Let h = 173 - 169. What is the greatest common divisor of 8 and h?
4
Suppose -4*i - 3*p = -4 - 139, 103 = 3*i - 2*p. What is the greatest common divisor of 455 and i?
35
Let c(o) = -o**3 - 7*o**2 + 5*o + 11. Let p be c(-8). What is the greatest common divisor of p and 385?
35
Let t = 1022 + -1007. Calculate the greatest common divisor of 1605 and t.
15
Suppose -4*j + 379 + 449 = 4*l, 5*j = 4*l - 828. Calculate the highest common factor of l and 138.
69
Suppose -7*j - 3015 = -16*j. Suppose 4*y - j = -127. Suppose 2*n + 3 - 55 = 0. Calculate the greatest common divisor of n and y.
26
Let k = -956 - -1664. What is the greatest common factor of k and 36?
12
Suppose 0 = q - 4*g - 167, 4*q + 2*g = 528 + 158. What is the highest common factor of 19 and q?
19
Let y be (-7841)/(-9) + 2/(-72)*8. Calculate the highest common factor of 13 and y.
13
Let d(t) = -5*t**3 + 26*t**2 - 2*t - 7. Let x be d(5). Calculate the highest common factor of x and 3.
1
Let f be 267/11 - (2 - (-38)/(-22)). Suppose -r + 4*r - 24 = -5*k, -4*r + 32 = 2*k. Calculate the highest common divisor of f and r.
8
Let n be (2 + 1)*(-1 + 12). Let w(m) = -m - 5. Let k be w(-8). Suppose k*h - 3 = 4*u - 2*u, 3*u + 6 = 5*h. What is the greatest common factor of u and n?
3
Let p be 176/6 + (-24)/72. Let z = p + -25. What is the greatest common factor of 36 and z?
4
Let n(b) = -b**3 + 16*b**2 - 17*b + 29. Let y be n(15). Let w be (0 + 12)*(0 - y). Calculate the highest common factor of w and 24.
12
Let l = 566 - 506. Calculate the greatest common divisor of l and 132.
12
Let d(u) be the first derivative of -u**3/3 + 15*u**2/2 - 43*u + 15. Let l be d(10). What is the highest common factor of 56 and l?
7
Suppose -131 + 19 = -3*o + 4*q, 4*q = -3*o + 80. What is the greatest common factor of o and 160?
32
Suppose 0 = -5*s - 4*v - 61 + 203, v - 148 = -5*s. Let l = s + -27. Suppose 3*b - q = 187, -193 = -l*b - 3*q + q. What is the highest common factor of b and 9?
9
Let g(j) be the third derivative of j**4/24 + 5*j**3/3 - 9*j**2. Let m be g(16). What is the highest common divisor of 13 and m?
13
Suppose 42 - 24 = 3*f. Let h(c) = -c**3 + 14*c**2 + 5*c + 8. Let r be h(14). What is the greatest common factor of f and r?
6
Let g be 86 - (4/2 + -1). Let k = -3 - -20. Calculate the highest common divisor of k and g.
17
Suppose j - b + 5 = 0, b - 19 = 3*j - b. Let h = j + 16. Let g = -21 + 35. Calculate the greatest common factor of h and g.
7
Let g be (32/2)/((-2)/(-10)). Suppose 0 = -l - 0 + g. Calculate the greatest common divisor of l and 32.
16
Let g(y) be the third derivative of y**6/120 + 7*y**5/30 + 13*y**4/24 + 19*y**3/6 + 4*y**2. Let a be g(-13). Calculate the highest common divisor of a and 76.
19
Suppose 0*i - 2*i = 0. Let b be i/1 + (-3 - -2). Let d(s) = 31*s**2. Let r be d(b). What is the greatest common divisor of 31 and r?
31
Let z be 3410/(-55)*(-15)/2. What is the highest common divisor of 93 and z?
93
Let m = -10 - -49. Let y = m - 21. Calculate the greatest common divisor of y and 2.
2
Let o = 920 + 49. What is the greatest common divisor of 51 and o?
51
Suppose -4*w + 15 = -5. Suppose -41 = -4*h - 9. Let q = h + -3. Calculate the greatest common factor of q and w.
5
Let b = 251 + -234. What is the highest common factor of b and 153?
17
Let z(n) = -3*n. Let t(m) = -m. Let x(f) = -2*t(f) + z(f). Let w be x(5). Let a be ((-12)/(-10))/(w/(-150)). What is the highest common factor of 9 and a?
9
Let f be (9 - (8 + -7)) + 49. What is the greatest common divisor of 1653 and f?
57
Let j(v) be the third derivative of 3*v**6/20 + v**4/12 - v**3/6 + 2*v**2. Let u be j(1). What is the highest common divisor of 133 and u?
19
Suppose -256 = 6*r + 200. Let h = 142 + r. What is the greatest common divisor of h and 11?
11
Suppose 10*k = 9*k + 38. Suppose o - 48 = -k. Calculate the greatest common factor of o and 2.
2
Let g be 1955/153 + (-4)/(-18). Calculate the greatest common factor of 351 and g.
13
Let c be -1 - (80 - 11)/(6/(-4)). Let g be (1*-5)/((-9)/c). Let k = 43 + -18. What is the greatest common divisor of g and k?
25
Let n be -2 + (4 + 1 + 34 - -2). Suppose 2*l + n = u, -11*u + 7*u = 4*l - 132. What is the greatest common divisor of u and 21?
7
Let p = 61 - 28. Suppose -6*q - 2*q = -528. What is the highest common divisor of p and q?
33
Let x = -1218 + 1394. Calculate the highest common factor of x and 286.
22
Let i be 1/(-3)*(-23 - -17). Let c be i/(-24)*-4*3. What is the highest common divisor of c and 7?
1
Suppose -3*w = -12*w - 405. Let a = 49 + w. Calculate the greatest common factor of 32 and a.
4
Suppose 0 = -8*j - 90 + 2394. Suppose j = 4*t + 96. What is the highest common divisor of 6 and t?
6
Suppose 10*s - 10 = 5*s. Let p(y) = -y**3 - y**2 + 25*y - 2. Let l be p(4). Suppose 0 = 6*i + 3*i - l. What is the greatest common divisor of i and s?
2
Let d be 28/(-20) + 1 + 42/5. Calculate the greatest common factor of d and 10.
2
Let y = -1094 + 3127. What is the greatest common divisor of y and 19?
19
Let o(c) = 34*c - 25. Let g be o(8). Calculate the greatest common factor of g and 39.
13
Let g(q) = 42 - 14 - 16 - 21*q - q. Let i be g(-4). What is the greatest common factor of 40 and i?
20
Let p be (34 - 17)*-10*5/(-2). What is the highest common divisor of p and 680?
85
Suppose 4*a + 4*b - 48 = 0, -b = -a - a + 18. Let n = 1 + a. Let y be (n/(-3))/((-3)/9). What is the highest common divisor of 88 and y?
11
Let y be 250/2 + 3 - -5. Let k be -2 + 0 + 2 + 19. What is the highest common factor of k and y?
19
Let x(o) be the first derivative of o**3/3 + 3*o**2/